0 (base 13) to base 8
606
133321 (base 4) to base 6
13241
Convert 33330 (base 6) to base 8.
11066
Convert -10646 (base 9) to base 3.
-100201120
What is aad (base 15) in base 8?
4555
What is 1312 (base 9) in base 6?
4315
What is -1b003 (base 12) in base 15?
-bb9c
-452c (base 14) to base 11
-9016
13212 (base 4) to base 3
200000
Convert -18878 (base 9) to base 11.
-9940
Convert -2210020 (base 3) to base 9.
-2706
What is a3c (base 16) in base 5?
40440
Convert -312 (base 8) to base 9.
-244
What is 277 (base 13) in base 16?
1b4
What is 7b0 (base 14) in base 9?
2075
What is 4520 (base 9) in base 5?
101324
10011211 (base 3) to base 5
33232
862 (base 13) to base 3
1222001
What is 1531 (base 6) in base 12?
2a7
-12a12 (base 13) to base 4
-20131210
What is 553 (base 8) in base 7?
1026
What is 64 (base 8) in base 5?
202
What is -211311 (base 4) in base 3?
-10022200
-321152 (base 7) to base 14
-163d2
5f2 (base 16) to base 7
4303
-5bb (base 15) to base 7
-3536
What is 13eb9 (base 15) in base 2?
1111101001001010
Convert -5ab (base 12) to base 15.
-3bb
What is 1222 (base 5) in base 4?
2323
What is 200002 (base 6) in base 15?
491e
Convert -32211010 (base 4) to base 7.
-336046
947 (base 11) to base 5
14030
Convert -20447 (base 8) to base 12.
-4ab3
What is 43622 (base 11) in base 8?
173513
What is 366 (base 11) in base 9?
533
What is 697 (base 12) in base 9?
1307
What is 1002003 (base 4) in base 15?
13bc
Convert -666 (base 7) to base 2.
-101010110
What is 12312 (base 4) in base 11?
369
What is -12b9 (base 12) in base 8?
-4155
What is -128c6 (base 14) in base 2?
-1011001001001110
-33221 (base 4) to base 2
-1111101001
114 (base 12) to base 5
1120
What is -10212111 (base 4) in base 3?
-221211200
-21853 (base 14) to base 3
-11010102001
-4103 (base 7) to base 4
-112100
10046 (base 9) to base 7
25152
Convert 10454 (base 7) to base 12.
1638
Convert 1031 (base 5) to base 8.
215
Convert -38827 (base 9) to base 14.
-9788
-256 (base 7) to base 12
-b7
What is -202122 (base 3) in base 9?
-678
551 (base 10) to base 13
335
ec51 (base 16) to base 11
414a8
Convert -353 (base 14) to base 4.
-22111
17427 (base 11) to base 6
305143
What is -20310 (base 7) in base 5?
-124311
Convert 437 (base 8) to base 10.
287
-131330 (base 4) to base 9
-2558
Convert 27b (base 14) to base 6.
2153
Convert 2338 (base 10) to base 3.
10012121
-8850 (base 9) to base 5
-202100
85c7 (base 13) to base 15
578e
What is 117b (base 16) in base 11?
33a9
Convert a2de (base 15) to base 6.
423145
Convert -4243 (base 16) to base 6.
-210311
Convert -3145 (base 8) to base 7.
-4526
What is 1514 (base 11) in base 14?
9d5
Convert 617 (base 10) to base 11.
511
Convert -b3 (base 16) to base 7.
-344
1111 (base 5) to base 8
234
877 (base 9) to base 14
394
30102 (base 7) to base 9
10850
Convert 13643 (base 7) to base 16.
eab
What is 6028 (base 9) in base 5?
120100
What is 4358 (base 16) in base 6?
211452
-70d8 (base 14) to base 2
-100101111000110
Convert 68263 (base 9) to base 11.
31139
-3092 (base 15) to base 11
-778a
Convert 84c9 (base 14) to base 13.
a577
What is -f0 (base 16) in base 11?
-1a9
What is -444323 (base 5) in base 10?
-15588
Convert 1d8 (base 14) to base 15.
1ab
Convert -3433 (base 9) to base 11.
-1a00
-123647 (base 8) to base 16
-a7a7
-1134525 (base 6) to base 14
-178d7
What is 447 (base 11) in base 5?
4120
What is -330 (base 12) in base 2?
-111010100
67 (base 9) to base 16
3d
25841 (base 11) to base 14
d674
What is 4ca8 (base 13) in base 7?
43636
1102011 (base 3) to base 14
538
Convert -1a80 (base 12) to base 3.
-11110220
What is 15a1c (base 15) in base 13?
259b6
Convert -10011000100 (base 2) to base 13.
-72b
251 (base 13) to base 2
110010100
What is c3 (base 13) in base 7?
315
-279 (base 12) to base 13
-234
331322 (base 4) to base 2
111101111010
-10111100100110 (base 2) to base 12
-6b9a
What is -1094 (base 10) in base 5?
-13334
What is -2322123 (base 4) in base 5?
-340211
What is 5a1c (base 16) in base 7?
124153
What is 121 (base 3) in base 15?
11
60153 (base 7) to base 16
389d
-3a675 (base 12) to base 13
-2a7ca
What is 20405 (base 7) in base 3?
20212022
-2613 (base 8) to base 5
-21134
-5625 (base 11) to base 3
-101011101
-30 (base 11) to base 8
-41
Convert -265 (base 13) to base 8.
-645
5342 (base 7) to base 16
764
-19 (base 12) to base 15
-16
What is 423032 (base 5) in base 11?
a697
What is -200110 (base 5) in base 8?
-14210
What is 501402 (base 7) in base 11?
585a8
578 (base 10) to base 5
4303
Convert 10012 (base 3) to base 10.
86
Convert -11003123 (base 4) to base 10.
-20699
What is 2448 (base 10) in base 11?
1926
-1114 (base 5) to base 11
-135
-463 (base 9) to base 15
-1a6
What is -2225 (base 9) in base 14?
-855
ae2 (base 16) to base 2
101011100010
What is -14 (base 5) in base 3?
-100
2637 (base 10) to base 6
20113
Convert 1110101110 (base 2) to base 3.
1021220
What is 211222102 (base 3) in base 2?
100000101101111
-2024431 (base 5) to base 10
-33116
3202 (base 4) to base 16
e2
What is 2a1 (base 13) in base 7?
1240
What is -220021221 (base 3) in base 2?
-100010100101110
6153 (base 7) to base 9
2843
2310 (base 5) to base 4
11022
Convert -10000010 (base 2) to base 12.
-aa
-423 (base 11) to base 14
-285
Convert -1100101110 (base 2) to base 5.
-11224
What is -4889 (base 13) in base 4?
-2200031
433 (base 13) to base 5
10333
What is 55503 (base 8) in base 14?
872b
What is -64221 (base 8) in base 7?
-141021
-1e8 (base 15) to base 3
-121102
Convert 3201 (base 5) to base 15.
1d6
Convert 32550 (base 6) to base 10.
4530
What is 12321132 (base 4) in base 7?
145242
What is 12 (base 3) in base 13?
5
What is -123222 (base 4) in base 8?
-3352
68e (base 15) to base 6
10512
Convert 1011011011101 (base 2) to base 6.
43033
10004 (base 5) to base 7
1556
432 (base 12) to base 8
1146
2222022222 (base 3) to base 13
2086a
Convert -16a67 (base 11) to base 5.
-1231120
2212010 (base 3) to base 15
93c
What is 137 (base 13) in base 12?
15b
What is 413e (base 16) in base 2?
100000100111110
What is -1110220112 (base 3) in base 10?
-29093
Convert -11215 (base 6) to base 7.
-4436
2332 (base 6) to base 12
3a8
14431 (base 5) to base 11
a29
What is -2364 (base 7) in base 14?
-46b
Convert -134335 (base 7) to base 12.
-12957
Convert 1a9 (base 14) to base 8.
531
Convert -641 (base 9) to base 14.
-295
-1211220 (base 3) to base 13
-7c8
What is 1933 (base 13) in base 14?
1528
Convert -11591 (base 14) to base 13.
-16314
9a0a (base 12) to base 9
25281
Convert -365 (base 7) to base 4.
-3002
Convert -2211201 (base 4) to base 15.
-3213
48a5 (base 11) to base 7
24452
What is 947 (base 15) in base 6?
13404
-16b (base 15) to base 7
-644
Convert 2b7 (base 14) to base 5.
4203
Convert ca (base 14) to base 15.
bd
What is -1078 (base 10) in base 11?
-8a0
What is -13cc (base 13) in base 10?
-2872
-490 (base 11) to base 8
-1107
What is -18560 (base 14) in base 15?
-13307
Convert 5996 (base 10) to base 9.
8202
Convert 35f (base 16) to base 2.
1101011111
262c (base 14) to base 2
1101000110000
Convert -1225 (base 14) to base 9.
-4311
What is 5a2 (base 13) in base 15?
452
What is 3102220 (base 4) in base 9?
20437
-2b7c (base 16) to base 10
-11132
Convert 26a7 (base 13) to base 12.
3261
Convert -6d (base 16) to base 14.
-7b
1001100110 (base 2) to base 14
31c
Convert 1201234 (base 5) to base 8.
53065
Convert 185b (base 14) to base 10.
4393
What is 27567 (base 8) in base 2?
10111101110111
What is 1647 (base 13) in base 2?
110011000110
-1122202 (base 3) to base 4
-102320
Convert -33 (base 16) to base 3.
-1220
-2670 (base 8) to base 15
-679
What is -64543 (base 8) in base 12?
-13743
208 (base 12) to base 10
296
Convert 35217 (base 8) to base 5.
434431
Convert -1506 (base 12) to base 15.
-ad9
-13d6 (base 14) to base 3
-11211101
Convert -51610 (base 8) to base 15.
-6509
What is 1323 (base 6) in base 4?
11103
What is -41844 (base 11) in base 6?
-1145555
What is -72d (base 15) in base 10?
-1618
What is 6c (base 15) in base 14?
74
Convert -349 (base 14) to base 13.
-3b3
What is -1063 (base 7) in base 14?
-1da
-12110 (base 5) to base 2
-1110001001
140501 (base 6) to base 15
3d61
c6a (base 13) to base 3
2220101
What is 5448 (base 10) in base 9?
7423
-154 (base 16) to base 5
-2330
Convert 61339 (base 10) to base 13.
21bc5
10100100011011 (base 2) to base 16
291b
-23434 (bas